 105*t - 107*t - 1. Calculate l(c).
-4
Let p(s) = -s - 6. Let d(n) = -4*n**2 + 9*n - 7. Let x(w) = 3*w**2 - 6*w + 5. Let q(f) = 5*d(f) + 7*x(f). Let a be q(-3). Suppose a*o - 3*o = 0. Determine p(o).
-6
Let a(w) = w**3 + 5*w**2 - 3*w + 8. Let c(u) = -7*u + 15. Let l be c(3). Give a(l).
-10
Suppose -72 = -4*d + 5*a - 0*a, 2*d + 4*a = 10. Suppose 4*i + o - d = 12, 0 = -5*i + 5*o. Let q(w) = w**3 - 6*w**2 + 5*w + 1. Give q(i).
1
Let j(z) be the third derivative of z**5/60 + z**4/6 - z**3/2 - 7*z**2. What is j(-4)?
-3
Let j(x) = -7*x. Let c = 60 - 59. Give j(c).
-7
Let m be 2 + 4 + 1 + 2. Suppose -3*t + 6*t = -m. Let s(r) = r**3 + 3*r**2 - 4*r - 3. Calculate s(t).
9
Suppose -66 = 10*t - 4*t. Let d(j) = j**3 + 12*j**2 + 10*j - 7. Give d(t).
4
Let w(l) = -l + 8. Let o = 21 - 15. What is w(o)?
2
Suppose 8 = x + 3. Let b(u) = -6*u - 2 + 3*u + x*u. What is b(4)?
6
Let r(c) = -c. Let s(i) = 4*i - 6. Let x(m) = 3*r(m) + s(m). What is x(6)?
0
Let a = -1 - -5. Let k(u) be the second derivative of -u**3/3 + 5*u**2/2 - 2*u. Determine k(a).
-3
Let j(u) = 3 + u + 3 - 2*u. Let q(a) = -a**2 + 11*a + 26. Let o be q(13). Give j(o).
6
Let y(t) = 5*t**3 - 7*t**2 - 5*t - 2. Let h(c) = -6*c**2 - 8*c + 4*c**3 - 4 + 4*c + 3. Let l(o) = 6*h(o) - 5*y(o). What is l(0)?
4
Let g(j) = -7*j**2 + 13*j - 20*j + 6*j. Calculate g(-1).
-6
Let m(p) be the first derivative of p**3/3 - 5*p**2/2 - 2*p - 15. Give m(4).
-6
Let j(o) = -3*o**3 - o**2 - 2*o + 2*o**3 + 2 - 4*o**2. Let g(s) = s**2 - 6*s - 10. Let q be g(7). Let f be 2/(q - (-10)/4). Determine j(f).
-6
Suppose 2*n = -3*z + 254, -3*n - 204 = -z - 596. Let f be (-6)/4*n/(-39). Let i(l) be the third derivative of l**4/24 - 5*l**3/3 + l**2. What is i(f)?
-5
Let f(u) = u**3 + 5*u**2 + 3*u + 2. Suppose 5*v + 3 = 4*v. Let q be -8 - (v - (-3 - -3)). Let o be (-2)/q*(-10)/1. What is f(o)?
6
Let m be -2 + 5 - (-6)/(-3). Let p(z) = -m + 1 - z - 5. Let x be p(0). Let q(t) = 2*t + 5. Give q(x).
-5
Let r = 9 + -6. Let q(o) = r*o**2 + 5*o**2 + o - 5 + 5. Determine q(1).
9
Let k(c) = -2*c**3 - 3*c**2 - c. Let g(t) = -4*t - 3. Let r be g(-2). Let m be 6/r*10/3. Suppose 3*i = -m*l - 6, 4*i - 5*i + 2*l = 2. What is k(i)?
6
Suppose 3*o + 14 = 2*f, -5*f + 25 = o - 10. Let r(s) = s - 5. Determine r(f).
2
Let d(m) = m + 18. Let g(f) = f + 19. Let w(l) = 5*d(l) - 4*g(l). Give w(-11).
3
Let h(l) = -l + 5. Suppose -1 = -4*m - 4*z + z, -2*z - 22 = -3*m. Let o(d) = -4*d - 1 + 4*d + d**2 - 3*d. Let w be o(m). Calculate h(w).
2
Let y(n) be the third derivative of n**8/6720 - n**7/2520 + n**6/720 + n**5/60 - n**4/12 - 2*n**2. Let u(l) be the second derivative of y(l). Give u(0).
2
Let w = 4 - -2. Suppose 0 = 3*t + 4*x - w - 23, -t + 28 = 5*x. Let c(m) = -3*m + 3. What is c(t)?
-6
Let k = 0 - -2. Let x(l) = l + 5. Let v(t) = 2*t + 11. Let m(i) = -6*v(i) + 13*x(i). Determine m(k).
1
Let y(b) be the first derivative of b**3/3 - 3*b**2/2 - 7*b - 1. Let u(r) = 5*r**2 + 2*r + 3. Let i be u(-1). Calculate y(i).
11
Let j(c) = -2*c**2 - c**3 - 1 + 0*c + 4*c**3 + 2*c. Suppose -13 = -16*a + 3*a. Calculate j(a).
2
Let z(u) = u**3 - u**2 + u - 5. Let p = 42 - 42. Give z(p).
-5
Let m(n) = -n**2 - 7*n + 6. Let o(h) = -h - 7. Let k be o(0). Determine m(k).
6
Let s = 7 - 4. Let n(r) = 2*r**2 + 5*r**2 - 5*r + r**s + 7 + 13*r. Let y = 49 + -55. What is n(y)?
-5
Let z = -7 - -11. Suppose -z*p = -i - 8, -8 = 4*p + 5*i + 8. Let c(f) = -10*f + 5. Let v(h) = 29*h - 14. Let g(m) = 17*c(m) + 6*v(m). Give g(p).
5
Let a(y) = -2*y + 10. Let b(j) = -6*j + 29. Let z(p) = 8*a(p) - 3*b(p). What is z(7)?
7
Suppose 4*l - 3 = -11. Let t be (5 - (-2)/(-2))*1. Let r(z) = -6*z + 2 + t*z - z. Give r(l).
8
Let c(t) = t**2 + t - 1. Let d(q) = 2*q**2 + 2*q - 2. Let g(o) = -11*c(o) + 6*d(o). Calculate g(1).
1
Let h be (-10)/25*-10*1. Let s be (-1)/(h/(-2) - -1). Let z(y) = 4 - 5 + 4*y - s. What is z(2)?
6
Let i = -20 - -14. Let z(x) = x + 8. What is z(i)?
2
Let b(g) be the second derivative of g**5/20 + g**4/12 + g**3/6 + 17*g**2/2 - g. What is b(0)?
17
Let a = 0 - 6. Let h(q) = -q**2 + q. Let m(v) = -7*v. Let k(d) = -h(d) - m(d). What is k(a)?
0
Let p(x) = -3 + 0*x + 7 + x. Calculate p(-6).
-2
Let h(n) = -3*n - 1. Let y be h(-1). Let w(r) = 0 + 2 + 1 - 2*r. Determine w(y).
-1
Let s(d) = d**2 + 6*d. Suppose -c = 2*n + 2, -53 + 19 = 4*c - 5*n. What is s(c)?
0
Let n(f) = 4*f + 3 + 1 - 1 + 0 + f**3 + 2*f**2. Let r(b) = -b - 4. Let z be r(-4). Let p be -1 + 1 + -2 + z. Give n(p).
-5
Suppose 7 = -3*s + 55. Suppose 3*i - 18 = -5*a, 5*i + 3*a + 2 = s. Let r(k) = 2 + k - 5 - i. Determine r(-5).
-9
Let x(h) = 17*h - 1 - 2 - 13*h + 0. Give x(2).
5
Let u(a) = -7*a**2 - 8*a - 5. Let v(x) = -x**2 - x - 1. Let j(k) = u(k) - 6*v(k). Let c = -72 - -48. Let w be (-6)/4*32/c. Give j(w).
-7
Suppose v = -5*u + 10, -4*u = -6*u + 3*v + 21. Let c(f) = 5*f - 1. What is c(u)?
14
Suppose -o = 4*i - 20, -i = -o - 7 + 2. Let v(g) = g**2 + g - 1. Let w(n) = n**3 + n - 9. Let q(j) = -4*v(j) + w(j). Determine q(i).
5
Let b(l) = l**2 + 7*l + 1. Let t be 24/10*15/(-2). Let v = 13 + t. Give b(v).
-9
Let o = -10 - -18. Suppose 0 = -h - 3*h - o. Let s(r) = 3*r. Give s(h).
-6
Let s be (4/(-6))/(2/(-12)). Suppose -5*m + h = -2*h - 29, -s*h - 28 = -4*m. Let z(x) = 2*x + x - m - 4*x. Calculate z(-3).
-1
Let n(a) = a**2 - a - 2. Let w be n(-2). Let y(b) = b**2 - 5*b + 1. Give y(w).
-3
Let p(v) = -v**2 + 10*v - 11. Suppose -24 + 32 = u. Give p(u).
5
Let c = -33 + 48. Suppose -1 - c = 4*k. Let t(f) be the second derivative of f**4/12 + f**3 + f**2/2 + f. Give t(k).
-7
Let a(q) = -40*q - 16. Let w(d) = -8*d - 3. Let m = 1 - -1. Let b(t) = m*a(t) - 11*w(t). Determine b(1).
9
Suppose 4*n - 4 = -2*t - 20, -3*t + 3 = -3*n. Let f be (-2 - n) + -5 + 0. Let j(p) be the third derivative of p**4/12 + p**3 + 4*p**2. Determine j(f).
-2
Let x(q) = q**3 - 4*q**2 - 5*q + 6. Let z(h) = -h**3 - 12*h**2 + 12*h - 9. Let p be z(-13). Let f = 1 + p. Suppose -f*u + 3 = -22. What is x(u)?
6
Suppose -4*l = -0*l. Let j(f) = 2*f + f**2 + l*f**2 + 4*f. Let o = -12 + 7. Determine j(o).
-5
Let m = 3 + -8. Let h(w) = -w**2 - w - 1. Let t(n) be the second derivative of n**4/6 + 4*n**3/3 + n**2 - 5*n. Let z(b) = h(b) + t(b). Determine z(m).
-9
Let b(n) = -3*n**2 + 5 + 4*n**2 + 0*n**3 - 5*n**2 + n**3 - n. Calculate b(4).
1
Suppose -2*a = -5*b - 14, -2*a + b = -3*a. Let k(s) = 4 - s**3 - 2 + a*s**3 + 2*s + s**2. Let f = -13 + 11. Determine k(f).
-6
Let r(f) = -f + 3. Let q(m) = 4*m - 16. Let o(z) = -4*q(z) - 22*r(z). Determine o(2).
10
Let a(k) be the third derivative of -k**4/12 + k**3/3 + 22*k**2. Calculate a(-7).
16
Let t(a) = 2*a + 7. Suppose -k = -5*k - 24. What is t(k)?
-5
Suppose -3*n = -2*n - 4. Let x be (-1 + -1)*(-10)/n. Suppose -5*m = -x + 15. Let z(t) = t - 1. What is z(m)?
-3
Suppose 9*t - 8 = 5*t. Let w(v) be the second derivative of -v**t - 1/3*v**4 + 0 - 1/20*v**5 + v + 0*v**3. Give w(-4).
-2
Let p(v) = -v**3 + 7*v**2 - 5*v - 5. Suppose d - 3*d + 4*m + 24 = 0, 49 = 5*d + m. Let k be d + -11 - 7*-1. Calculate p(k).
1
Suppose 0*i + i + 1 = 0. Suppose -2*r + 0*r = -5*x - 19, 4*r = -5*x - 37. Let q(a) = -19*a + 2. Let u(f) = -10*f + 1. Let d(k) = r*q(k) + 5*u(k). Give d(i).
-8
Let a(x) = -3*x - 1. Let d(c) = 7*c + 3. Let w(r) = -5*a(r) - 2*d(r). Suppose 0 = -2*s - 4*z - 20 + 4, 0 = -2*s + 3*z - 2. Give w(s).
-5
Let f(q) = -q + 0*q + 0*q**2 + q**2. Let x(y) = -y**3 + 6*y**2 - 5*y - 3. Let a = 1 + -3. Let w(c) = a*f(c) + x(c). What is w(3)?
-3
Let n be (0 - 3)/(27/(-18)). Let c(p) = -p - 2. What is c(n)?
-4
Let w(y) = -y**2 + 4. Let x(c) = -c**3 + 24*c**2 - 21*c - 50. Let m be x(23). What is w(m)?
-12
Let f(k) be the third derivative of k**5/60 - 5*k**4/24 - k**3/3 - 2*k**2. Let r be 7/28 + (-67)/(-4). Let n = -11 + r. Calculate f(n).
4
Let r = -2 - 2. Let h = r - 1. Let d(f) = f + 9. Give d(h).
4
Suppose 28 = 4*q + 3*q. Let z(p) = p**3 + 2*p**2 - 2*p + 1. Let c be z(1). Let h(y) = 3*y**2 - 3*y - 3 - y**3 - c*y + 2*y**2. Determine h(q).
-7
Let z(d) = d**3 - 3*d**2 + 3*d. Let k be -15*(-2)/(40/4). Suppose -2 + 0 = 2*i. Let r = i + k. What is z(r)?
2
Let k = 0 - 0. Let f(n) be the second derivative of -n**7/2520 + n**5/60 - n**4/4 - n. Let c(y) be the third derivative of f(y). Give c(k).
2
Let r(o) = -o + 2. Let h(a) be the second derivative of 2*a**2 + 1/6*a**3 